 -8.
-2
Evaluate 1 + (3 - -6) + -6 + 8.
12
What is (4 + -1 - (-5 - 15)) + (159 - 160)?
22
Calculate 0 - 0 - ((0 - -20) + (7 - 12)).
-15
What is the value of 15 - (6 - 26) - 18?
17
Calculate 0 + 1 + 11 + -7 + -8.
-3
Calculate 54 + -20 + 6 + -12 + 3 - 3.
28
Calculate (-6 + 11 + 2 + -11 - -3) + -12.
-13
What is -85 + 51 + -17 + 18?
-33
What is the value of 41 - (24 - 22 - -32)?
7
What is the value of -15 - 3 - (3 - (12 + -2))?
-11
What is 63 + -75 + 38 + 7?
33
What is -3 + 5 - 7 - 2?
-7
Calculate -8 - (-10 + -11 + 18 - (-4 - -18)).
9
(-114 - -87) + -3 + 24
-6
Calculate -11 + 4 - -27 - 15.
5
What is (-45 + 33 - (-2 - 3)) + 6?
-1
12 - 18 - (-29 + 9)
14
What is 7 + -6 - (-7 - (5 - (-1 + 5)))?
9
-20 + -2 + -16 + (26 - 2)
-14
What is the value of -716 + 756 + (-40 - 1)?
-1
Calculate -1 + 1 + 3 + (-34 - (67 + -84)).
-14
What is -3 + 19 + 6 + -18?
4
Evaluate (0 - -3) + (6 - 1 - 2) - -6.
12
Evaluate 18 + 20 + -10 + -36.
-8
Calculate -3 + 2 + -7 + 3 + (0 - 1).
-6
What is the value of (-7 - 2) + (-15 - (-27 + 1))?
2
What is the value of -6 - (1 - (1 + -7 + 2))?
-11
-2 + (-9 - (-1 - (19 - 10)))
-1
What is the value of -43 - (-53 + 6 - -20)?
-16
What is the value of -195 - -201 - (7 + -2)?
1
Evaluate -262 - -253 - ((-2 - -7 - 0) + 2).
-16
What is the value of -11 - (6 - 25) - 20 - 7?
-19
What is ((-57 - -61) + (-3 - 1) - -10) + 1?
11
Evaluate 4 + -1 + (-6 - -2) + 47 + -55.
-9
What is the value of 16 + -10 - (-19 + 12)?
13
3 - (-8 - (-8 + 0)) - (2 + -7)
8
What is -13 + -1 + 5 + (-24 - -9) + 2?
-22
What is the value of 11 + (-9 - -2) + 4 - 0?
8
Calculate (-25 + 12 + 21 - (2 + -1)) + -10.
-3
What is the value of 206 - 233 - (1 + -38)?
10
What is -19 + (14 - -4) + 0 + 10?
9
Calculate -1 + -7 + 11 - -10.
13
What is 4 + 2 + (2 - (0 - 4 - -6))?
6
What is 0 + -9 + (9 - (5 - 5)) + 19?
19
What is the value of -1 + (0 - 4) - (-2 + 3)?
-6
Evaluate (9 - (-7 - -19)) + 8.
5
-6 + (31 - 40) + 13
-2
What is the value of 6 - 4 - (3 + 2 + (-2 - 4))?
3
Calculate -1 - 8 - -26 - 10 - (-7 + 22).
-8
Evaluate 485 + -482 + 1 + (-2 - 1).
1
(-4 - 12) + (4 - 5 - 1 - 2)
-20
-16 + (-1 - -23) + -10
-4
(6 - -25 - (-4 - -6)) + -10
19
Evaluate -11 + 11 + 25 + -43.
-18
What is the value of 4 - (18 + (-16 - (12 - 15)))?
-1
14 + -5 + -5 + (3 - (0 + -3))
10
What is 3 - (-53 + 53 + (-2 - (0 - 1)))?
4
Evaluate 25 + 1 + -9 - -7 - 16.
8
Evaluate -1 + 4 + (-7 - -8) - -4.
8
Evaluate 3 + -1 - ((-4 - (-2 - 6)) + 4).
-6
25 + (-22 - (-9 + 0)) - -6
18
Evaluate -22 + (-3 - (-7 - (-1 + 1))).
-18
What is the value of 8 + (3 - (-5 - -8 - 7 - -12))?
3
(4 - (19 + 2)) + 7
-10
What is the value of (-2 - (12 - (7 - 4 - -4))) + 19?
12
Calculate (-10 - (-20 - 21)) + -18.
13
-8 + 0 - ((-5 - 4) + -12)
13
What is (1 - -1) + (-15 - (-2 - -14 - 18))?
-7
Evaluate -45 + (-1 - 4) + 30.
-20
Calculate 12 + (-13 - 9 - -9) + 15 + -1.
13
Evaluate -4796 - -4807 - (-1 + (22 - -1)).
-11
Evaluate 1 - 24 - (-151 - -143).
-15
Calculate 7 + 2 + 6 + -20.
-5
Calculate -8 + (3 - 13 - (-105 + 115)).
-28
What is the value of 1 + -3 + (-6 - -7) - (36 + -38)?
1
What is the value of 1 - (7 + (13 - 3) - -6)?
-22
What is -7 + -1 - (-28 + 9 - -7)?
4
What is (479 - 484) + (0 - -17)?
12
What is the value of 7 + (-15 + -2 - -23)?
13
Calculate 34 + (-5 - (3 + 17)) + 15.
24
-22 - (77 - 66 - (28 + 2))
-3
What is the value of -4 - (15 + -9 - (2 + 1))?
-7
Evaluate (1 - 4) + -5 + 11 + (-30 - 7).
-34
What is the value of -6 + 26 - (18 - 11)?
13
What is 0 + -24 - (-572 + 569)?
-21
Evaluate -3 + 0 - (-4 + 1 - 3) - -3.
6
What is -4 + (-3 - -14) + -12 + (29 - 4)?
20
Evaluate -1 + -9 - (-3 + 2 - (-1 - 1)).
-11
(-3 - (16 + -24)) + (23 - 5)
23
What is the value of (5 - (-1 + 1)) + -7 + (2 - 11)?
-11
(9 - 4) + -12 + -6 + 1
-12
What is -6 + (-4 - 4) + (2 - (8 + -13))?
-7
What is the value of -7 + 7 + 9 + -22?
-13
Evaluate -3 + -1 - -9 - ((-5 - -6) + -5).
9
0 - (3 - 3) - (0 + 29 + -26)
-3
What is 467 + -469 + (0 - 0 - 4)?
-6
-10 - (-1 - 3) - (-4 - (-17 + 10))
-9
14 - 3 - (-7 + 21)
-3
What is -9 + ((0 + 10 - 24) + 7 - -20)?
4
Calculate 0 - (-1 + (17 + -40 - -11)).
13
What is the value of 0 + -1 - (0 - (5 - (-2 - -16)))?
-10
Calculate -5 + -30 - (-6 - 18).
-11
What is -1018 + 1019 + (1 - 1)?
1
What is the value of 14 + 3 - (-11 - (10 - 4 - 14))?
20
What is the value of -17 + 2 + (-40 - (-13 - 14))?
-28
What is the value of (13 - 2) + -170 + 168?
9
What is -9 + (1 - (-6 - -3)) - -7?
2
What is 17 - (22 - (-16 - -19))?
-2
(4 + -1 - 0 - -3) + -13 + 14
7
Evaluate 18 + (11 - 5) + -20.
4
Evaluate 13 - (-2 + (8 - -7) - -22).
-22
(-1 - -13) + (38 - (28 + 15)) - -20
27
7 + -13 + 3 - -14
11
Evaluate -9 - -16 - ((14 - 25) + 2 + -1).
17
Evaluate (-27 - -8) + -3 + 16.
-6
What is -1 + -73 + 25 - -34?
-15
-5 - 1 - (4 + 14 + -27 + 17)
-14
(3 - 5) + 8 - 16
-10
What is 11 + (-8 - -30) - (15 + -10 - -1)?
27
Evaluate 18 - (19 - (-10 - -28)).
17
Calculate (-3 + 4 - -13) + 8 + -14 + 1.
9
What is -3 + (-2 - -14 - 14) - (10 + 0)?
-15
Calculate (7 - 35) + 10 + 2.
-16
Calculate -12 - (-8 - -1 - 2 - -3).
-6
What is 38 + -3 + 4 + -23?
16
Evaluate (-18 - -4 - 12) + 7.
-19
Calculate -24 - -12 - (-15 - -16).
-13
Evaluate 6 - -14 - (2 - (-1 - 8)).
9
What is -9 + (-10 - -7) + 1 + 11?
0
Calculate (-21 - -40 - 22) + 20.
17
What is the value of 2 + -9 - (-665 - -645)?
13
Calculate (-11 - (-1 - 5)) + -6.
-11
What is -20 + -6 + -3 - (16 - 30)?
-15
What is -13 - (3 - -1) - -13?
-4
Evaluate -14 - ((-1 - 1) + (57 - 45)).
-24
What is the value of (6 - (3 - (-12 - -8))) + -17?
-18
Calculate 0 + 2 + 2 + -3 + 0.
1
2 + -1 + (2 - 3) - (50 - 34)
-16
Calculate (2 - 13) + 5 + 4 + 12.
10
What is 2 + (8 + -7 - (-3 - 2))?
8
What is the value of (-27 - 0) + (-632 - -665)?
6
What is 5 - ((4 - 10) + (-2 - -3) - -5)?
5
What is the value of 9 + -1 + (26 + -32 - -11)?
13
83 - 76 - (2 + 4)
1
(7 - 6) + 5 + -10
-4
Evaluate 39 + -28 + (-2 + -8 - -1).
2
Calculate -21 - ((10 - 23) + -31).
23
What is -20 + (-6 - (19 + -26))?
-19
Calculate (-7 - 11) + 8 - (-9 + 9).
-10
Calculate -129 + 122 + (5 - (0 - -3)).
-5
Calculate (-8 - (8 + -18)) + -12.
-10
(3 - (-18 + 4)) + -4
13
What is -5 + (-7 - -13 - 1 - (12 - 43))?
31
Calculate -14 - ((0 - 4) + -8 + 8).
-10
What is 4 + (2 - (-2 - -1)) + 1 + 3?
11
6 + -4 + 4 + 3 + -12 + 9
6
What is -6 + (-1 + 12 - 11)?
-6
What is the value of 18 + -3 + (3 - 4) + 5 + 7?
26
What is the value of -6 - ((-13 - -5) + (-2 - -4))?
0
Calculate -1 - (-18 + 14 + -5 + -2 - -3).
7
0 + (-4 - -6 - 6) + 2 - 0
-2
Calculate (-1 - -1) + 10 + -7 + (-8 - 11).
-16
Evaluate 47 + (4 - 30) + -26.
-5
What is (-18 - (5 - 15)) + -4?
-12
-2 + 1 + 6 + -3 - 1
1
What is the value of -3 - (-5 - (-3 + -22))?
-23
Calculate -18 - (2 - ((6 - 7) + 9 + -4)).
-16
9 - ((-5 - -2) + -3 + 35)
-20
Calculate -7 + -7 - -19 - 21.
-16
What is 13 - 10 - (-4 - ((-7 - -6) + -24))?
-18
What is the value of 33 + 21 + -21 + -42?
-9
What is the value of -4 + (-15 + 15 - (-2 + -2) - -8)?
8
What is 38 + -24 - (5 + -1) - (-1 + -5)?
16
Calculate 2 + (198 - 207) + (18 - -1) + 9.
21
Calculate 13 - 4 - (-10 - (3 - 16)).
6
What is the value of -66 + 49 - (-6 + -1)?
-10
Calculate (-6 - -15) + 13 + -16.
6
What is the value of 426 - 404 - (21 + 1)?
0
What is -40 - (-31 - (-17 + 10))?
-16
What is the value of 18 + (-4 - 0) - 19?
-5
Evaluate -6 + (19 - 14 - 2).
-3
Evaluate -28 + 14 - (-1 - (0 - -1)).
-12
-18 + 14 + 27 - 12
11
Calculate -8 - (-2 - (1 + 14 - 7)).
2
Evaluate 15 + 5 + 12 + -13.
19
Evaluate -4 + -2 + -19 + 13 - -7.
-5
Calculate 7 - 26 - (-42 - -12).
11
Calculate (66 - 58) + (3 - (-3 + -4)).
18
Evaluate 0 - (-19 + (12 - 3) - 24).
34
(-9 - (-5 - -4)) + -3 + 11
0
-1 + 14 + (1 - 11 - -7 - -7)
17
Calculate (-24 - -36 - 25) + (-5 - 0).
-18
What is the value of -7 + (8 - (10 + -4))?
-5
-14 + 3 + -9 + 15
-5
Calculate 3 - -6 - (47 - 45) - 12.
-5
Evaluate 8 + (-10 - 3) + 26.
21
What is -5 + -9 + -2 + 14?
-2
Evaluate (0 - 4) + 5 + -21 + 20.
0
Calculate 10 - (-8 + 23) - (-27 + 2).
20
What is 0 + (-12 - (0 + (2 - 4)))?
-10
Evaluate -19 + 18 + (18 - 14).
3
Evaluate -1 + -4 - (82 + -122 + 32).
3
6 + (13 + -18 - (-1 + -10)) + 3
15
What is (4 + 1 + -7 - 3) + (8 - 22)?
-19
What is -3 + (5 - (0 + (12 - 2)))?
-8
Calculate -9 + (6 - -2 - -10).
9
-18 + -7 + 17 + 2
-6
Evaluate -2 + -5 + -1 + (15 - 3).
4
What is the value of -462 - -540 - (45 + -2)?
35
What is 4 + 1 - (7 + (0 - 5))?
